 is divided by 1109.
14
Calculate the remainder when 5115 is divided by 80.
75
What is the remainder when 45042 is divided by 495?
492
Calculate the remainder when 18353 is divided by 803.
687
Calculate the remainder when 13856 is divided by 4.
0
What is the remainder when 3589990 is divided by 31?
4
What is the remainder when 12059 is divided by 175?
159
Calculate the remainder when 201911 is divided by 33.
17
Calculate the remainder when 170770 is divided by 253.
248
Calculate the remainder when 1968053 is divided by 232.
229
What is the remainder when 413978 is divided by 195?
188
What is the remainder when 6966 is divided by 291?
273
Calculate the remainder when 6686 is divided by 43.
21
Calculate the remainder when 220580 is divided by 312.
308
Calculate the remainder when 221405 is divided by 110675.
55
Calculate the remainder when 2089359 is divided by 820.
819
Calculate the remainder when 232057 is divided by 79.
34
Calculate the remainder when 52478 is divided by 23.
15
Calculate the remainder when 7371 is divided by 7284.
87
What is the remainder when 284989 is divided by 25906?
23
Calculate the remainder when 96898 is divided by 204.
202
What is the remainder when 60177 is divided by 30?
27
What is the remainder when 2453 is divided by 51?
5
Calculate the remainder when 11792 is divided by 2789.
636
What is the remainder when 4491 is divided by 891?
36
Calculate the remainder when 95317 is divided by 874.
51
What is the remainder when 560961 is divided by 742?
9
Calculate the remainder when 21773 is divided by 22.
15
Calculate the remainder when 7955 is divided by 443.
424
What is the remainder when 13320 is divided by 6639?
42
What is the remainder when 1186110 is divided by 431?
429
What is the remainder when 4067 is divided by 145?
7
What is the remainder when 128361 is divided by 1146?
9
What is the remainder when 824348 is divided by 16?
12
What is the remainder when 134538 is divided by 1894?
64
What is the remainder when 346263 is divided by 69247?
28
Calculate the remainder when 7432 is divided by 371.
12
What is the remainder when 160532 is divided by 485?
482
Calculate the remainder when 89643 is divided by 14935.
33
Calculate the remainder when 2792892 is divided by 201.
198
What is the remainder when 132140 is divided by 3073?
1
What is the remainder when 6692 is divided by 18?
14
What is the remainder when 2586 is divided by 44?
34
Calculate the remainder when 25039 is divided by 309.
10
What is the remainder when 706265 is divided by 319?
318
What is the remainder when 10197 is divided by 75?
72
What is the remainder when 36104 is divided by 361?
4
What is the remainder when 168125 is divided by 84043?
39
Calculate the remainder when 219607 is divided by 63.
52
What is the remainder when 541894 is divided by 337?
335
Calculate the remainder when 800 is divided by 54.
44
Calculate the remainder when 273425 is divided by 733.
16
What is the remainder when 1296829 is divided by 205?
204
What is the remainder when 227007 is divided by 58?
53
Calculate the remainder when 1384 is divided by 296.
200
Calculate the remainder when 42638 is divided by 39.
11
Calculate the remainder when 4589 is divided by 416.
13
Calculate the remainder when 22077 is divided by 27.
18
Calculate the remainder when 3999 is divided by 1215.
354
What is the remainder when 380112 is divided by 260?
252
Calculate the remainder when 34096 is divided by 275.
271
Calculate the remainder when 611 is divided by 48.
35
Calculate the remainder when 1021005 is divided by 1484.
13
Calculate the remainder when 50939 is divided by 45.
44
What is the remainder when 1734 is divided by 954?
780
What is the remainder when 12618 is divided by 154?
144
Calculate the remainder when 23925 is divided by 245.
160
Calculate the remainder when 156793 is divided by 320.
313
Calculate the remainder when 236103 is divided by 2338.
2303
Calculate the remainder when 88373 is divided by 7.
5
What is the remainder when 17449 is divided by 142?
125
Calculate the remainder when 235121 is divided by 149.
148
What is the remainder when 974 is divided by 310?
44
What is the remainder when 10413 is divided by 344?
93
Calculate the remainder when 150968 is divided by 23.
19
Calculate the remainder when 21268 is divided by 7083.
19
What is the remainder when 31431 is divided by 1823?
440
Calculate the remainder when 234487 is divided by 54.
19
What is the remainder when 64449 is divided by 131?
128
What is the remainder when 4844 is divided by 144?
92
What is the remainder when 55599 is divided by 56?
47
What is the remainder when 112370 is divided by 6?
2
Calculate the remainder when 2773 is divided by 1335.
103
What is the remainder when 31838 is divided by 79?
1
Calculate the remainder when 901793 is divided by 13.
9
Calculate the remainder when 2561 is divided by 442.
351
What is the remainder when 206771 is divided by 75?
71
Calculate the remainder when 9489687 is divided by 104.
103
What is the remainder when 48388 is divided by 23?
19
What is the remainder when 37517 is divided by 67?
64
What is the remainder when 18255 is divided by 98?
27
What is the remainder when 59614 is divided by 36?
34
What is the remainder when 1089 is divided by 10?
9
What is the remainder when 141705 is divided by 47235?
0
Calculate the remainder when 2025669 is divided by 88.
85
What is the remainder when 2683 is divided by 222?
19
What is the remainder when 17131 is divided by 746?
719
Calculate the remainder when 118587 is divided by 68.
63
Calculate the remainder when 9682 is divided by 14.
8
What is the remainder when 325085 is divided by 6?
5
What is the remainder when 36330 is divided by 559?
554
Calculate the remainder when 170407 is divided by 179.
178
Calculate the remainder when 3041 is divided by 337.
8
Calculate the remainder when 33029 is divided by 636.
593
What is the remainder when 15285 is divided by 325?
10
What is the remainder when 8285 is divided by 55?
35
Calculate the remainder when 5705951 is divided by 319.
317
What is the remainder when 6432 is divided by 21?
6
What is the remainder when 89263 is divided by 238?
13
What is the remainder when 8876 is divided by 36?
20
What is the remainder when 1851 is divided by 315?
276
Calculate the remainder when 119042 is divided by 137.
126
Calculate the remainder when 24550 is divided by 341.
339
Calculate the remainder when 199655 is divided by 236.
235
What is the remainder when 8731399 is divided by 41?
39
What is the remainder when 2121883 is divided by 915?
913
Calculate the remainder when 61534 is divided by 59.
56
What is the remainder when 51642 is divided by 245?
192
Calculate the remainder when 12759 is divided by 290.
289
Calculate the remainder when 14416 is divided by 1795.
56
Calculate the remainder when 454 is divided by 399.
55
What is the remainder when 954 is divided by 96?
90
What is the remainder when 1104 is divided by 553?
551
Calculate the remainder when 9630 is divided by 2850.
1080
What is the remainder when 6265 is divided by 47?
14
Calculate the remainder when 161656 is divided by 295.
291
Calculate the remainder when 287045 is divided by 161.
143
Calculate the remainder when 89378 is divided by 17875.
3
Calculate the remainder when 35835 is divided by 444.
315
Calculate the remainder when 231315 is divided by 38549.
21
What is the remainder when 726493 is divided by 915?
898
Calculate the remainder when 232295 is divided by 33178.
49
Calculate the remainder when 16007 is divided by 8003.
1
What is the remainder when 556587 is divided by 4?
3
Calculate the remainder when 72765 is divided by 269.
135
Calculate the remainder when 1854740 is divided by 11.
8
Calculate the remainder when 15597 is divided by 3117.
12
What is the remainder when 173413 is divided by 162?
73
Calculate the remainder when 1143 is divided by 687.
456
What is the remainder when 20928 is divided by 316?
72
Calculate the remainder when 1489841 is divided by 37.
36
What is the remainder when 1426 is divided by 201?
19
Calculate the remainder when 2221 is divided by 124.
113
Calculate the remainder when 52722 is divided by 13179.
6
What is the remainder when 41408 is divided by 2439?
2384
Calculate the remainder when 121993 is divided by 1